
Is 104 a factor of 11265365?
False
Is 113 a factor of 3601283?
False
Does 2 divide 9659?
False
Does 181 divide 214304?
True
Is 2233934 a multiple of 28?
False
Does 22 divide 71553?
False
Does 157 divide 612112?
False
Is 36 a factor of 752904?
True
Is 103834 a multiple of 386?
True
Is 969056 a multiple of 14?
False
Does 8 divide 1766008?
True
Is 15 a factor of 286790?
False
Is 900 a factor of 2199600?
True
Does 19 divide 1425?
True
Is 167 a factor of 66188?
False
Does 1002 divide 2561112?
True
Does 16 divide 4808?
False
Is 34 a factor of 1012588?
True
Does 103 divide 19590?
False
Is 1123841 a multiple of 15?
False
Is 876060 a multiple of 37?
False
Does 14 divide 12053673?
False
Is 1673868 a multiple of 28?
True
Does 3 divide 37050?
True
Does 400 divide 789600?
True
Is 121 a factor of 23659174?
False
Is 25 a factor of 524225?
True
Does 9 divide 100125?
True
Is 2488710 a multiple of 672?
False
Is 65 a factor of 11635?
True
Does 277 divide 479762?
False
Does 6 divide 1672067?
False
Is 2 a factor of 735451?
False
Is 61 a factor of 74341?
False
Does 13 divide 53404?
True
Is 3552042 a multiple of 403?
True
Does 8 divide 48898?
False
Is 136 a factor of 1624701?
False
Is 91 a factor of 46054?
False
Is 59756 a multiple of 4?
True
Is 1939642 a multiple of 7?
False
Is 3635804 a multiple of 21?
False
Is 346 a factor of 421774?
True
Does 19 divide 1314760?
False
Is 2303796 a multiple of 12?
True
Is 304 a factor of 2409808?
True
Is 4592870 a multiple of 10?
True
Does 810 divide 2276368?
False
Is 29499552 a multiple of 2052?
True
Is 24 a factor of 611520?
True
Is 2705376 a multiple of 12?
True
Is 3427 even?
False
Does 97 divide 9021?
True
Is 189 a factor of 575505?
True
Is 105596 a multiple of 107?
False
Does 129 divide 210528?
True
Is 8 a factor of 36359?
False
Does 1649 divide 4811782?
True
Does 14 divide 2631286?
True
Is 3588524 a multiple of 18?
False
Is 22 a factor of 78254?
True
Is 2445009 a multiple of 519?
True
Does 113 divide 1450807?
True
Is 98 a factor of 26332?
False
Is 336740 a multiple of 596?
True
Does 4 divide 47412?
True
Is 2725406 a multiple of 15?
False
Is 225 a factor of 10530225?
True
Does 61 divide 19398?
True
Does 19 divide 388615?
False
Is 29 a factor of 65870?
False
Is 32 a factor of 187360?
True
Does 84 divide 46368?
True
Is 110 a factor of 173748?
False
Is 233 a factor of 102012?
False
Is 11 a factor of 111850?
False
Is 184 a factor of 2104960?
True
Is 38 a factor of 8132?
True
Is 6404937 a multiple of 824?
False
Is 268 a factor of 5376884?
True
Is 132 a factor of 242192?
False
Is 515095 a multiple of 7?
True
Is 340 a factor of 741780?
False
Does 47 divide 91302?
False
Is 188 a factor of 432212?
True
Is 14 a factor of 11604712?
True
Is 581 a factor of 314902?
True
Is 105343 a multiple of 16?
False
Is 4145926 a multiple of 44?
False
Does 4 divide 72006?
False
Is 2470372 a multiple of 90?
False
Is 243 a factor of 1011295?
False
Does 547 divide 6045883?
False
Does 312 divide 371904?
True
Does 37 divide 4132012?
True
Is 1520910 a multiple of 10?
True
Is 646371 a multiple of 51?
False
Is 208441 a multiple of 270?
False
Does 263 divide 10640191?
True
Is 29 a factor of 398750?
True
Is 124 a factor of 835735?
False
Does 84 divide 504?
True
Does 597 divide 217856?
False
Is 49 a factor of 1685796?
True
Does 38 divide 1572668?
True
Is 124 a factor of 833758?
False
Is 48 a factor of 3398313?
False
Is 264158 a multiple of 538?
True
Is 972314 a multiple of 14?
True
Does 16 divide 165776?
True
Is 977 a factor of 15158789?
False
Does 5 divide 50243?
False
Is 167240 a multiple of 4?
True
Is 63 a factor of 360549?
True
Is 111552 a multiple of 112?
True
Does 5 divide 1770725?
True
Does 12 divide 5866404?
True
Is 767130 a multiple of 15?
True
Is 4300998 a multiple of 402?
True
Does 3 divide 32637?
True
Is 10 a factor of 78323?
False
Is 624723 a multiple of 11?
True
Does 180 divide 2866175?
False
Is 596685 a multiple of 364?
False
Is 49896 a multiple of 27?
True
Is 21 a factor of 5614014?
True
Does 96 divide 227410?
False
Is 11258 a multiple of 14?
False
Does 170 divide 407161?
False
Is 115208 a multiple of 448?
False
Is 72594 a multiple of 17?
False
Is 19 a factor of 2847499?
False
Does 91 divide 2198793?
False
Does 12 divide 34691345?
False
Does 91 divide 145691?
True
Is 41 a factor of 14760?
True
Is 4 a factor of 90550?
False
Is 1645875 a multiple of 19?
True
Does 553 divide 7934997?
True
Does 19 divide 11600957?
False
Is 46 a factor of 1404058?
True
Does 7 divide 768?
False
Does 11 divide 472021?
True
Is 71 a factor of 333913?
True
Does 481 divide 7358819?
True
Is 8 a factor of 50488?
True
Is 89246 a multiple of 83?
False
Is 84070 a multiple of 4?
False
Is 353 a factor of 531338?
False
Is 72 a factor of 1835178?
False
Is 4 a factor of 79564?
True
Is 52735 a multiple of 3?
False
Is 266 a factor of 3280046?
True
Is 41 a factor of 313158?
True
Does 76 divide 25453?
False
Is 125580 a multiple of 276?
True
Is 4662948 a multiple of 48?
False
Is 516110 a multiple of 202?
True
Is 5 a factor of 4144810?
True
Is 11 a factor of 1872376?
True
Does 13 divide 45418?
False
Does 112 divide 3721989?
False
Is 178 a factor of 2472954?
True
Does 40 divide 4623880?
True
Does 2 divide 691818?
True
Is 82 a factor of 6378285?
False
Does 194 divide 606444?
True
Does 10 divide 578770?
True
Does 136 divide 282486?
False
Is 12 a factor of 1547469?
False
Is 946571 a multiple of 37?
True
Does 16 divide 429397?
False
Is 1343868 a multiple of 159?
True
Does 228 divide 1622225?
False
Does 314 divide 16708254?
True
Does 507 divide 3997586?
False
Is 13 a factor of 29211?
True
Is 23 a factor of 71599?
True
Does 675 divide 294933?
False
Does 8 divide 5974203?
False
Does 8 divide 1190984?
True
Is 23 a factor of 227907?
True
Does 5 divide 125180?
True
Is 998177 a multiple of 928?
False
Does 16 divide 386588?
False
Is 2001792 a multiple of 39?
True
Does 232 divide 2908120?
True
Is 640000 a multiple of 8?
True
Is 70 a factor of 44853?
False
Does 522 divide 4176?
True
Does 290 divide 4871065?
False
Is 11165 a multiple of 319?
True
Does 1124 divide 4975016?
False
Is 3675892 a multiple of 19?
True
Is 89267 a multiple of 59?
True
Does 246 divide 28290?
True
Does 18 divide 1841868?
True
Is 797778 a multiple of 69?
True
Is 197 a factor of 1119157?
True
Is 26 a factor of 186082?
True
Does 817 divide 1228060?
False
Is 24 a factor of 535309?
False
Does 26 divide 472012?
False
Does 165 divide 5775?
True
Does 122 divide 64365?
False
Is 46506 a multiple of 5?
False
Is 2864740 a multiple of 1657?
False
Is 6 a factor of 47544?
True
Is 939 a factor of 1949842?
False
Is 180281 a multiple of 195?
False
Is 121 a factor of 14942437?
False
Is 32 a factor of 95975?
False
Does 55 divide 712140?
True
Is 3 a factor of 10077?
True
Does 13 divide 9418?
False
Does 19 divide 13949652?
False
Does 179 divide 92901?
True
Does 295 divide 8652940?
True
Does 13 divide 2720682?
False
Does 15 divide 12557190?
True
Is 124 a factor of 22721512?
True
Does 168 divide 1264704?
True
Is 94186 a multiple of 24?
False
Does 55 divide 5059832?
False
Is 474453 a multiple of 357?
True
Is 386048 a multiple of 52?
True
Does 6 divide 6821310?
True
Is 81321 a multiple of 6?
False
Is 273980 a multiple of 190?
True
Is 137168 a multiple of 12?
False
Is 16371531 a multiple of 294?
False
Does 70 divide 64470?
True
Does 5 divide 5502955?
True
Is 122 a factor of 95282?
True
Is 3365015 a multiple of 23?
True
Is 59 a factor of 30916?
True
Is 47586 a multiple of 33?
True
Is 298014 a multiple of 9?
False
Does 8 divide 412274?
False
Is 3167154 a multiple of 16?
False
Is 19 a factor of 125796?
False
Is 18 a factor of 2493289?
False
Is 19 a factor of 196232?
True
Does 8 divide 1005168?
True
Is 2486146 a multiple of 5?
False
Does 8 divide 56480?
True
Does 3 divide 2492062?
False
Does 24 divide 27505?
False
Is 821 a factor of 4383773?
False
Does 70 divide 1221?
False
Is 23 a factor of 228528?
True
Is 108395 a multiple of 18?
False
Is 318 a factor of 270643?
False
Does 80 divide 2326960?
True
Is 4 a factor of 1660?
True
Is 57 a factor of 218585?
False
Is 2052715 a multiple of 35?
True
Does 101 divide 1004100?
False
Is 65880 a multiple of 27?
True
Does 124 divide 828598?
False
Does 8 divide 29224?
True
Is 8 a factor of 866409?
False
Is 767988 a multiple